ue
Is 37842621 composite?
True
Is 4562741 composite?
False
Is 451 prime?
False
Is 9946153 prime?
False
Is 3807317 a prime number?
True
Is 20335727 a composite number?
True
Is 6323327 a prime number?
True
Is 91798219 prime?
False
Is 32994817 a prime number?
True
Is 22170259 a composite number?
True
Is 1802183 composite?
True
Is 16653191 composite?
True
Is 1446971 composite?
False
Is 17955809 prime?
True
Is 509483 a composite number?
True
Is 8817059 composite?
True
Is 59333 composite?
False
Is 15809599 prime?
False
Is 1614641 a prime number?
False
Is 415045 composite?
True
Is 3243181 a prime number?
True
Is 5291011 composite?
True
Is 803419 prime?
False
Is 1692961 a prime number?
False
Is 2094817 a composite number?
True
Is 156078113 prime?
True
Is 517927469 a composite number?
False
Is 17334139 prime?
False
Is 29088269 prime?
False
Is 4874851 composite?
False
Is 20240663 a composite number?
False
Is 14338427 a composite number?
True
Is 4222039 a composite number?
True
Is 10970069 prime?
False
Is 191520193 a composite number?
False
Is 3555373 a prime number?
False
Is 9016591 prime?
False
Is 191330119 prime?
True
Is 3221591 composite?
False
Is 1898621 a composite number?
False
Is 4545767 prime?
True
Is 113310647 composite?
True
Is 33973351 prime?
False
Is 6584339 a prime number?
True
Is 3894721 a prime number?
False
Is 9981943 a composite number?
False
Is 1874393 composite?
True
Is 93332051 prime?
False
Is 4624313 a prime number?
True
Is 25165129 composite?
True
Is 46391519 composite?
False
Is 1643231 composite?
False
Is 140181683 a prime number?
False
Is 5058869 composite?
True
Is 288527909 a prime number?
False
Is 1745489 composite?
False
Is 1049151 a prime number?
False
Is 28101673 prime?
True
Is 50447407 a composite number?
True
Is 117256533 a prime number?
False
Is 10646431 prime?
True
Is 605455489 a prime number?
False
Is 34066061 a composite number?
False
Is 112297457 a prime number?
True
Is 12495593 a prime number?
False
Is 109717 a composite number?
False
Is 5059363 a prime number?
True
Is 125841281 a composite number?
False
Is 144470009 composite?
True
Is 611625229 composite?
False
Is 327084953 composite?
True
Is 272443 a prime number?
False
Is 36291529 a prime number?
False
Is 14702777 a composite number?
True
Is 82999109 prime?
False
Is 186429601 prime?
True
Is 14928037 prime?
True
Is 16332707 composite?
True
Is 3352627 composite?
False
Is 543479 a composite number?
True
Is 16339969 a prime number?
True
Is 2954767 a composite number?
True
Is 4660411 a prime number?
False
Is 45508735 a composite number?
True
Is 189719759 a prime number?
False
Is 22538839 a composite number?
False
Is 1616983 a composite number?
False
Is 101861899 a prime number?
False
Is 40410635 a prime number?
False
Is 18889099 a composite number?
False
Is 9858229 composite?
False
Is 4025227 a composite number?
False
Is 34991891 prime?
False
Is 5378291 composite?
True
Is 3441523 a composite number?
True
Is 108347461 a prime number?
False
Is 26959497 a composite number?
True
Is 2263399 prime?
False
Is 51674477 composite?
True
Is 15914681 prime?
False
Is 287990029 prime?
False
Is 42181393 a prime number?
True
Is 1879511 prime?
True
Is 1064717 composite?
True
Is 3284441 prime?
True
Is 17492929 prime?
False
Is 3453547 a composite number?
True
Is 506089 a composite number?
True
Is 19876711 a composite number?
False
Is 68297 prime?
False
Is 60233281 prime?
False
Is 97963771 a composite number?
False
Is 1061222209 prime?
True
Is 309876379 composite?
False
Is 31752958 prime?
False
Is 2288987 a composite number?
True
Is 31685323 prime?
True
Is 23754499 composite?
False
Is 4837141 a prime number?
True
Is 42551557 a composite number?
False
Is 2778269 a composite number?
True
Is 4212781 composite?
True
Is 9145205 composite?
True
Is 259951 composite?
True
Is 50509603 composite?
False
Is 7538423 a composite number?
False
Is 240174463 prime?
True
Is 79212457 composite?
False
Is 10646009 composite?
True
Is 8886533 a prime number?
False
Is 551951 composite?
False
Is 15984293 a composite number?
True
Is 32537033 a composite number?
True
Is 288092327 prime?
True
Is 103267459 a prime number?
True
Is 14241079 a prime number?
False
Is 52031561 composite?
True
Is 910003 a prime number?
True
Is 99207131 a composite number?
False
Is 35439631 prime?
True
Is 6485187 composite?
True
Is 220894453 prime?
False
Is 7932655 prime?
False
Is 889343477 a prime number?
False
Is 140318665 a prime number?
False
Is 7272407 a prime number?
False
Is 4744606 a composite number?
True
Is 119873707 a prime number?
True
Is 47423 a composite number?
True
Is 7561123 composite?
False
Is 91143587 prime?
True
Is 2092739 prime?
False
Is 23044111 composite?
False
Is 1279841 a prime number?
False
Is 298442693 a composite number?
False
Is 2262713 a composite number?
False
Is 2776139 a composite number?
True
Is 455839 composite?
True
Is 23745487 prime?
False
Is 57048559 a composite number?
False
Is 488292995 a prime number?
False
Is 468552233 a prime number?
True
Is 2711983 composite?
True
Is 58430885 a composite number?
True
Is 1340617 composite?
False
Is 3784739 prime?
False
Is 51631507 composite?
True
Is 15098761 prime?
False
Is 54643229 a composite number?
False
Is 8792059 prime?
True
Is 35387497 a prime number?
False
Is 142185511 prime?
False
Is 11226629 a prime number?
True
Is 5719001 prime?
True
Is 11643691 a composite number?
True
Is 26065481 a composite number?
True
Is 684683 composite?
False
Is 100696214 prime?
False
Is 31732813 composite?
True
Is 3734261 composite?
False
Is 172900907 composite?
True
Is 53371581 a prime number?
False
Is 2921 a prime number?
False
Is 5925791 prime?
False
Is 522469 a prime number?
True
Is 5678369 prime?
False
Is 467199385 a composite number?
True
Is 76702529 composite?
False
Is 378341 composite?
True
Is 130138121 a composite number?
False
Is 100159511 prime?
True
Is 3458066 composite?
True
Is 25433501 a composite number?
False
Is 170081147 prime?
True
Is 42173161 a composite number?
False
Is 4201943 a composite number?
True
Is 3644117 composite?
False
Is 14866753 composite?
True
Is 61309 composite?
True
Is 10125853 composite?
False
Is 256777 a composite number?
True
Is 2754164971 a prime number?
True
Is 164976467 a prime number?
False
Is 2293561 a prime number?
False
Is 44615537 prime?
True
Is 86479973 prime?
True
Is 3498293 prime?
True
Is 103447973 a composite number?
False
Is 4731037 composite?
False
Is 38849361 a composite number?
True
Is 223511 prime?
False
Is 27562827 a prime number?
False
Is 109656971 a composite number?
False
Is 13177931 prime?
False
Is 38635307 a prime number?
False
Is 2244743 prime?
False
Is 120103733 prime?
True
Is 5595011 prime?
False
Is 12840203 a composite number?
False
Is 6747791 composite?
True
Is 13201291 prime?
True
Is 591052333 a prime number?
True
Is 1368799241 prime?
True
Is 15590191 composite?
False
Is 1183333 composite?
False
Is 223235113 a composite number?
True
Is 473178599 a composite number?
False
Is 4556687 composite?
True
Is 44467439 prime?
False
Is 1845119 prime?
True
Is 168046919 prime?
True
Is 101617 a prime number?
False
Is 58104989 a composite number?
False
Is 23881547 prime?
False
Is 3699265 prime?
False
Is 18137927 prime?
False
Is 14753207 a prime number?
False
Is 342185 prime?
False
Is 80693141 a prime number?
True
Is 1195835 prime?
False
Is 3560897 prime?
True
Is 140009977 a composite number?
True
Is 28045099 composite?
True
Is 149607991 prime?
False
Is 72740953 a prime number?
False
Is 307142629 a prime number?
False
Is 1788203 a prime number?
False
Is 708931 prime?
False
Is 61678913 a composite number?
False
Is 558925151 a prime number?
True
Is 25330351 a composite number?
False
Is 7243059 a prime number?
False
Is 1490381 a composite number?
False
Is 16738597 a prime number?
False
Is 37936073 composite?
True
Is 234849359 a prime number?
False
Is 231550877 composite?
True
Is 1516573 prime?
False
Is 1145891 a prime number?
False
Is 7815337 composite?
False
Is 2694973 a composite number?
False
Is 5913227 composite?
True
Is 2476777 composite?
True
Is 13036157 prime?
False
Is 4826729 composite?
False
Is 299393537 a prime number?
True
Is 78540463 a composite number?
False
Is 75045137 prime?
True
Is 28336493 a composite number?
F